{"id":3943,"date":"2025-11-25T10:38:44","date_gmt":"2025-11-25T13:38:44","guid":{"rendered":"https:\/\/desarrollolamatanza.gob.ar\/dsweb\/?page_id=3943"},"modified":"2025-11-25T12:28:48","modified_gmt":"2025-11-25T15:28:48","slug":"bases-dia-discapacidad","status":"publish","type":"page","link":"https:\/\/desarrollolamatanza.gob.ar\/dsweb\/bases-dia-discapacidad\/","title":{"rendered":"Bases &#8211; Dia Discapacidad"},"content":{"rendered":"\t\t<div data-elementor-type=\"wp-page\" data-elementor-id=\"3943\" class=\"elementor elementor-3943\" data-elementor-settings=\"{&quot;ha_cmc_init_switcher&quot;:&quot;no&quot;}\">\n\t\t\t\t<div class=\"elementor-element elementor-element-34761c4 e-flex e-con-boxed e-con e-parent\" data-id=\"34761c4\" data-element_type=\"container\" data-settings=\"{&quot;_ha_eqh_enable&quot;:false}\">\n\t\t\t\t\t<div class=\"e-con-inner\">\n\t\t\t\t<div class=\"elementor-element elementor-element-2eed7a7 elementor-widget elementor-widget-image\" data-id=\"2eed7a7\" data-element_type=\"widget\" data-widget_type=\"image.default\">\n\t\t\t\t<div class=\"elementor-widget-container\">\n\t\t\t\t\t\t\t\t\t\t\t\t\t\t\t<img fetchpriority=\"high\" decoding=\"async\" width=\"2560\" height=\"912\" src=\"https:\/\/desarrollolamatanza.gob.ar\/dsweb\/wp-content\/uploads\/2025\/11\/DISCAPACIDAD-diciembre_header-2-scaled.png\" class=\"attachment-full size-full wp-image-3982\" alt=\"\" srcset=\"https:\/\/desarrollolamatanza.gob.ar\/dsweb\/wp-content\/uploads\/2025\/11\/DISCAPACIDAD-diciembre_header-2-scaled.png 2560w, https:\/\/desarrollolamatanza.gob.ar\/dsweb\/wp-content\/uploads\/2025\/11\/DISCAPACIDAD-diciembre_header-2-300x107.png 300w, https:\/\/desarrollolamatanza.gob.ar\/dsweb\/wp-content\/uploads\/2025\/11\/DISCAPACIDAD-diciembre_header-2-1024x365.png 1024w, https:\/\/desarrollolamatanza.gob.ar\/dsweb\/wp-content\/uploads\/2025\/11\/DISCAPACIDAD-diciembre_header-2-768x274.png 768w, https:\/\/desarrollolamatanza.gob.ar\/dsweb\/wp-content\/uploads\/2025\/11\/DISCAPACIDAD-diciembre_header-2-1536x547.png 1536w, https:\/\/desarrollolamatanza.gob.ar\/dsweb\/wp-content\/uploads\/2025\/11\/DISCAPACIDAD-diciembre_header-2-2048x730.png 2048w\" sizes=\"(max-width: 2560px) 100vw, 2560px\" \/>\t\t\t\t\t\t\t\t\t\t\t\t\t\t\t<\/div>\n\t\t\t\t<\/div>\n\t\t\t\t\t<\/div>\n\t\t\t\t<\/div>\n\t\t<div class=\"elementor-element elementor-element-2e8a819 e-flex e-con-boxed e-con e-parent\" data-id=\"2e8a819\" data-element_type=\"container\" data-settings=\"{&quot;_ha_eqh_enable&quot;:false}\">\n\t\t\t\t\t<div class=\"e-con-inner\">\n\t\t\t\t<div class=\"elementor-element elementor-element-37476d1 elementor-widget elementor-widget-heading\" data-id=\"37476d1\" data-element_type=\"widget\" data-widget_type=\"heading.default\">\n\t\t\t\t<div class=\"elementor-widget-container\">\n\t\t\t\t\t<h2 class=\"elementor-heading-title elementor-size-default\">Concurso de Arte<\/h2>\t\t\t\t<\/div>\n\t\t\t\t<\/div>\n\t\t\t\t<div class=\"elementor-element elementor-element-a03ba32 elementor-widget elementor-widget-text-editor\" data-id=\"a03ba32\" data-element_type=\"widget\" data-widget_type=\"text-editor.default\">\n\t\t\t\t<div class=\"elementor-widget-container\">\n\t\t\t\t\t\t\t\t\t<p>BASES Y CONDICIONES<br \/>\u201c Hacia una sociedad m\u00e1s inclusiva y accesible \u201c<br \/>CELEBRACI\u00d3N DEL DIA INTERNACIONAL DE LAS PERSONAS CON DISCAPACIDAD<br \/>12 DE DICIEMBRE DE 2025 &#8211; CLUB HURAC\u00c1N SAN JUSTO<\/p><p>GENERALIDADES<\/p><p>Art 1: En el Concurso podr\u00e1n participar personas que pertenezcan a<br \/>establecimientos educativos de gesti\u00f3n p\u00fablica y\/o privada, clubes, ONG,<br \/>representaciones barriales, escuelas de arte, gremios, centros de d\u00eda, talleres<br \/>protegidos etc., quienes deber\u00e1n poseer domicilio en el Municipio de La<br \/>Matanza .<\/p><p>Art.2: Podr\u00e1n participar eligiendo una de las categor\u00edas : Dibujo, Pintura o<br \/>Cer\u00e1mica . Los participantes de una Instituci\u00f3n lo har\u00e1n en representaci\u00f3n de<br \/>la Instituci\u00f3n , cada una elegir\u00e1 qui\u00e9n los va a representar . En el caso de<br \/>inscribirse personas que no pertenezcan a una Instituci\u00f3n lo har\u00e1n a t\u00edtulo<br \/>personal .<\/p><p>Art 3 : Ser\u00e1n inscriptos con los datos que se adjuntan en planilla enviando<br \/>Correo a subsediscapacidadlamatanza@gmail.com ASUNTO: Concurso de<br \/>Arte .<br \/>Enviando planilla con datos y foto de la Obra a presentar hasta el dia martes<br \/>09 de Diciembre .<\/p><p>Art 4 : Ser\u00e1n premiados y elegidos por un Jurado representativo de cada<br \/>disciplina . Primer y Segundo Puesto. . A todos los participantes se les<br \/>entregar\u00e1 un Diploma por la participaci\u00f3n.<\/p><p>Art 5: Categoria DIBUJO<\/p><p>A. Las obras deber\u00e1n ser in\u00e9ditas. No podr\u00e1n presentarse obras que sean<br \/>reproducciones de obras o fotografias que circulan en redes o sean<br \/>reconocidas p\u00fablicamente . Realizadas a mano alzada, preferentemente<br \/>monocrom\u00e1ticas (un color y sus valores o intensidades, como recurso para<br \/>generar luces y sombras) y donde los trazos, las l\u00edneas y las sombras,<br \/>componen la obra.<\/p><p>B . La obra podr\u00e1 ser realizada empleando los siguientes materiales: grafito,<br \/>bol\u00edgrafos, plumas, carbonillas, marcadores, crayones, pasteles y tintas, entre<br \/>otros. Tambi\u00e9n podr\u00e1n combinarse para ampliar y enriquecer las posibilidades<br \/>de resoluci\u00f3n.<\/p><p>C. Las medidas m\u00ednimas de la obra ser\u00e1n de 21 cm x 29,70 cm (tama\u00f1o A4) y<br \/>de m\u00e1xima 59,4 cm x 84,1 cm (tama\u00f1o A1). Entre esas dos medidas se<br \/>aceptar\u00e1n todas las variables posibles (por ejemplo, 30 cm x 50 cm, 40 cm x 70<br \/>cm, etc).<\/p><p>D. La Tem\u00e1tica es la del Nombre del Concurso \u201c Hacia una sociedad m\u00e1s<br \/>inclusiva y accesible\u201d . Deber\u00e1 estar firmada por su autor o autora y tener un<br \/>t\u00edtulo que constar\u00e1 en la Planilla de Inscripci\u00f3n.<\/p><p>E. Una vez aceptada la inscripci\u00f3n , la Obra y su autor y\/o autora deber\u00e1n<br \/>presentarse el D\u00eda de la Jornada en el Club Hurac\u00e1n a las 10 hs .<\/p><p>Art. 6 Categor\u00eda PINTURA<\/p><p>A. Las obras deber\u00e1n ser in\u00e9ditas. No podr\u00e1n presentarse obras que sean<br \/>reproducciones de obras o fotograf\u00edas que circulan en redes o sean<br \/>reconocidas p\u00fablicamente<\/p><p>B. Para la producci\u00f3n de la obra, se podr\u00e1n utilizar diferentes materiales como<br \/>\u00f3leos, acr\u00edlicos, pasteles, tizas, carbonillas, acuarelas y t\u00e9mperas. Pueden<br \/>utilizarse t\u00e9cnicas mixtas (por ejemplo, acuarela y t\u00e9mpera, \u00f3leo y acr\u00edlico,<br \/>etc.). En el caso de utilizar carbonilla, l\u00e1pices, tintas, etc, deber\u00e1n ser usados<br \/>como base o color, ya que el tratamiento pict\u00f3rico (no dibujo) deber\u00e1<br \/>predominar. Se podr\u00e1 incluir collage con materiales convencionales y no<br \/>convencionales, para texturas y\/o relieves. Se deben utilizar materiales no<br \/>perecederos.<\/p><p>C. La obra ser\u00e1 realizada sobre soporte r\u00edgido, a saber: cart\u00f3n, madera,<br \/>bastidor de tela, etc.<\/p><p>D. Las medidas ser\u00e1n de m\u00ednima 40cm por 40cm y de m\u00e1xima 80cm por 80cm.<br \/>Entre esas dos medidas se aceptar\u00e1n todas las variables posibles (por<br \/>ejemplo, 60cm x 80cm, 40cm x 70cm, etc).<br \/>cm, etc).<\/p><p>E. La Tem\u00e1tica es la del Nombre del Concurso \u201c Hacia una sociedad m\u00e1s<br \/>inclusiva y accesible\u201d . Deber\u00e1 estar firmada por su autor o autora y tener un<br \/>t\u00edtulo que constar\u00e1 en la Planilla de Inscripci\u00f3n.<\/p><p>F. Una vez aceptada la inscripci\u00f3n, la Obra y su autor y\/o autora deber\u00e1n<br \/>presentarse el D\u00eda de la Jornada en el Club Hurac\u00e1n a las 10 hs .<\/p><p>Art. 7 Categor\u00eda Cer\u00e1mica<\/p><p>A. Las obras deber\u00e1n ser in\u00e9ditas. No podr\u00e1n presentarse obras que sean<br \/>reproducciones de obras o fotograf\u00edas que circulan en redes o sean<br \/>reconocidas p\u00fablicamente<\/p><p>B. Para la producci\u00f3n de la obra, se podr\u00e1n utilizar diferentes materiales como<br \/>cer\u00e1mica en fr\u00edo, arcillas.<\/p><p>C. Las medidas ser\u00e1n de 10 cm a 40 cm . Todo lo que entre Obras Peque\u00f1as y<br \/>Obras Medianas ( manejables para exposici\u00f3n)<\/p><p>D. La Tem\u00e1tica es la del Nombre del Concurso \u201c Hacia una sociedad m\u00e1s<br \/>inclusiva y accesible\u201d . Deber\u00e1 estar firmada por su autor o autora y tener un<br \/>t\u00edtulo que constara en la Planilla de Inscripci\u00f3n.<\/p>\t\t\t\t\t\t\t\t<\/div>\n\t\t\t\t<\/div>\n\t\t\t\t<div class=\"elementor-element elementor-element-9541b5e elementor-align-center elementor-widget elementor-widget-button\" data-id=\"9541b5e\" data-element_type=\"widget\" data-widget_type=\"button.default\">\n\t\t\t\t<div class=\"elementor-widget-container\">\n\t\t\t\t\t\t\t\t\t<div class=\"elementor-button-wrapper\">\n\t\t\t\t\t<a class=\"elementor-button elementor-button-link elementor-size-sm\" href=\"https:\/\/desarrollolamatanza.gob.ar\/dwnld\/discap\/Concurso_Arte2025.pdf\">\n\t\t\t\t\t\t<span class=\"elementor-button-content-wrapper\">\n\t\t\t\t\t\t\t\t\t<span class=\"elementor-button-text\">DESCARGAR PLANILLA DE INSCRIPCI\u00d3N CONCURSO DE ARTE<\/span>\n\t\t\t\t\t<\/span>\n\t\t\t\t\t<\/a>\n\t\t\t\t<\/div>\n\t\t\t\t\t\t\t\t<\/div>\n\t\t\t\t<\/div>\n\t\t\t\t<div class=\"elementor-element elementor-element-5b4d52a elementor-widget elementor-widget-heading\" data-id=\"5b4d52a\" data-element_type=\"widget\" data-widget_type=\"heading.default\">\n\t\t\t\t<div class=\"elementor-widget-container\">\n\t\t\t\t\t<h2 class=\"elementor-heading-title elementor-size-default\">Torneo de Futbol<\/h2>\t\t\t\t<\/div>\n\t\t\t\t<\/div>\n\t\t\t\t\t<\/div>\n\t\t\t\t<\/div>\n\t\t<div class=\"elementor-element elementor-element-d8b7cb0 e-flex e-con-boxed e-con e-parent\" data-id=\"d8b7cb0\" data-element_type=\"container\" data-settings=\"{&quot;_ha_eqh_enable&quot;:false}\">\n\t\t\t\t\t<div class=\"e-con-inner\">\n\t\t\t\t<div class=\"elementor-element elementor-element-25bf0fe elementor-align-center elementor-widget elementor-widget-button\" data-id=\"25bf0fe\" data-element_type=\"widget\" data-widget_type=\"button.default\">\n\t\t\t\t<div class=\"elementor-widget-container\">\n\t\t\t\t\t\t\t\t\t<div class=\"elementor-button-wrapper\">\n\t\t\t\t\t<a class=\"elementor-button elementor-button-link elementor-size-sm\" href=\"https:\/\/desarrollolamatanza.gob.ar\/dwnld\/discap\/PLANILLA_INSC_FUTBOL2025.pdf\">\n\t\t\t\t\t\t<span class=\"elementor-button-content-wrapper\">\n\t\t\t\t\t\t\t\t\t<span class=\"elementor-button-text\">DESCARGAR PLANILLA DE INSCRIPCI\u00d3N TORNEO DE FUTBOL<\/span>\n\t\t\t\t\t<\/span>\n\t\t\t\t\t<\/a>\n\t\t\t\t<\/div>\n\t\t\t\t\t\t\t\t<\/div>\n\t\t\t\t<\/div>\n\t\t\t\t\t<\/div>\n\t\t\t\t<\/div>\n\t\t\t\t<\/div>\n\t\t","protected":false},"excerpt":{"rendered":"<p>Concurso de Arte BASES Y CONDICIONES\u201c Hacia una sociedad m\u00e1s inclusiva y accesible \u201cCELEBRACI\u00d3N DEL DIA INTERNACIONAL DE LAS PERSONAS CON DISCAPACIDAD12 DE DICIEMBRE DE 2025 &#8211; CLUB HURAC\u00c1N SAN JUSTO GENERALIDADES Art 1: En el Concurso podr\u00e1n participar personas que pertenezcan aestablecimientos educativos de gesti\u00f3n p\u00fablica y\/o privada, clubes, ONG,representaciones barriales, escuelas de arte, [&hellip;]<\/p>\n","protected":false},"author":4,"featured_media":0,"parent":0,"menu_order":0,"comment_status":"closed","ping_status":"closed","template":"","meta":{"footnotes":""},"class_list":["post-3943","page","type-page","status-publish","hentry"],"_links":{"self":[{"href":"https:\/\/desarrollolamatanza.gob.ar\/dsweb\/wp-json\/wp\/v2\/pages\/3943","targetHints":{"allow":["GET"]}}],"collection":[{"href":"https:\/\/desarrollolamatanza.gob.ar\/dsweb\/wp-json\/wp\/v2\/pages"}],"about":[{"href":"https:\/\/desarrollolamatanza.gob.ar\/dsweb\/wp-json\/wp\/v2\/types\/page"}],"author":[{"embeddable":true,"href":"https:\/\/desarrollolamatanza.gob.ar\/dsweb\/wp-json\/wp\/v2\/users\/4"}],"replies":[{"embeddable":true,"href":"https:\/\/desarrollolamatanza.gob.ar\/dsweb\/wp-json\/wp\/v2\/comments?post=3943"}],"version-history":[{"count":37,"href":"https:\/\/desarrollolamatanza.gob.ar\/dsweb\/wp-json\/wp\/v2\/pages\/3943\/revisions"}],"predecessor-version":[{"id":3985,"href":"https:\/\/desarrollolamatanza.gob.ar\/dsweb\/wp-json\/wp\/v2\/pages\/3943\/revisions\/3985"}],"wp:attachment":[{"href":"https:\/\/desarrollolamatanza.gob.ar\/dsweb\/wp-json\/wp\/v2\/media?parent=3943"}],"curies":[{"name":"wp","href":"https:\/\/api.w.org\/{rel}","templated":true}]}}